f c(-4).
2, 9769
Suppose -v + 17 = 13. Suppose v*g = -3*f + 1056, -2*g + 514 = 3*f - 548. What are the prime factors of f?
2, 89
Let l be ((-74)/4)/(1/(-2)). Let f = l - 35. Let u(y) = 15*y**2 + 3*y + 2. List the prime factors of u(f).
2, 17
Let p(w) = 95*w**2 + 41. What are the prime factors of p(-13)?
2, 503
Let s = 50 + -23. Let j = s + 250. Suppose 0 = -2*w + j - 59. List the prime factors of w.
109
Suppose 0 = -138*w + 157*w - 188898. What are the prime factors of w?
2, 3, 1657
Let o(h) = -52*h + 57. Let n(m) = -m**3 + 8*m**2 + 21*m - 18. Let c be n(10). What are the prime factors of o(c)?
11, 43
List the prime factors of (-6 + -17393)*(11/(-1) + 8).
3, 127, 137
Let k = 100330 - 33699. What are the prime factors of k?
23, 2897
Suppose -2*m = 2*r - 1 + 43, -3*m - 53 = r. Let w(u) = -u**3 - 16*u**2 - 3*u + 38. What are the prime factors of w(m)?
2, 43
Let u = 86 + -85. Let h be u - (-4)/(5 - 1). Suppose -h*g + 4*v = -484, 131 = -g - v + 358. List the prime factors of g.
2, 29
What are the prime factors of 270244/(-1638)*-117 - 1/7?
97, 199
Let w(k) = -2*k**2 - 2*k - 2. Let d(x) = x**3 - x. Let n(r) = -d(r) - w(r). Let h be n(3). List the prime factors of 772/7 + h/(-7).
2, 5, 11
Let n(l) = 98*l**2 - 44*l - 26 - 33*l - 33*l + 98*l. List the prime factors of n(-3).
2, 223
Suppose 4*w - 3*k = -166, 3*w + 3*k + 69 = -66. Suppose 5*s + 73 = 4*q - 5*q, -2*q + 3*s - 198 = 0. Let g = w - q. What are the prime factors of g?
2, 5
Suppose -2*u = 2, -2*u + 11 = -k - u. Let n be 426/k - 3/6*-1. Let g = n - -58. What are the prime factors of g?
23
Let i be 20 - 6/(-9)*9/(-2). Suppose -5 = -4*p + 2*b - 3, 4*p = 5*b + i. What are the prime factors of 0 + p/7 - 331/(-7)?
47
Let r = -241 + 246. Suppose r*k - 4*k - 897 = -5*q, -3*k + 3*q + 2673 = 0. List the prime factors of k.
2, 223
Let i = 31 + -24. Suppose -7*s = -5*s - 4. Suppose s*r + 554 = 3*u, 0 = u - 5*r + i*r - 174. List the prime factors of u.
2, 7, 13
Let r = -254 + 232. Let i be ((-47)/2)/(1/(-2)). List the prime factors of 11/r*(1 - i).
23
Let b = -11865 - -17187. Let f = -2232 + b. Suppose 0 = -28*d + 18*d + f. List the prime factors of d.
3, 103
Suppose -106961 - 571134 = 2*q - 57*q. List the prime factors of q.
12329
Let m(w) = -w**3 - 15*w**2 + 27*w + 66. List the prime factors of m(-22).
2, 5, 11, 13
Suppose 55692 = 78*p - 61*p. What are the prime factors of p?
2, 3, 7, 13
Let t(y) = 75*y**3 - 36*y**2 - 28*y + 306. What are the prime factors of t(7)?
24071
Let x = -212 + 135. Let t = -79 - x. List the prime factors of (1 - (-237)/(-9))/(t/6).
2, 19
Let y = -200 - -103. Let w = y + 81. List the prime factors of 0 - (1 - 185) - (w + 12).
2, 47
Let p = 126 + -102. What are the prime factors of 8/(p/9) - -164?
167
Let x = 130 - 135. List the prime factors of 260 - 4/(x + 3).
2, 131
Suppose -23*u + 305137 = -10*u + 54276. What are the prime factors of u?
23, 839
Let l(k) = k**3 + 29*k**2 - 44*k + 333. List the prime factors of l(-27).
3, 331
Suppose -4*z + 24 = -427*x + 430*x, -3*z + 5*x - 11 = 0. Let n(t) be the second derivative of 8*t**3 + 8*t**2 - t. What are the prime factors of n(z)?
2, 5
Suppose 0*i + 12*i = 6*i + 49494. List the prime factors of i.
73, 113
Let l(o) = -o**2 - 118*o + 222. What are the prime factors of l(-52)?
2, 3, 7, 29
Suppose -5*i = -45 - 5. Suppose 0 = i*x - 8*x - 104. Suppose x*t - 48*t - 148 = 0. What are the prime factors of t?
37
Let c be 9/6*(-12)/2. Let j be (-1717)/(-68)*(-1 - c). Suppose d - 132 = -d + 2*x, x + j = 3*d. What are the prime factors of d?
2, 17
Suppose -5*x = -3*q + 40, -5*q - 2*x + 21 = 6. Suppose 0 = q*k - 3*j - 10 - 12, -5*k + 23 = -2*j. Suppose 0 = -k*r + 250 - 15. List the prime factors of r.
47
Suppose 3*v = 59*i - 63*i + 30970, -3*v + 30964 = -2*i. What are the prime factors of v?
2, 13, 397
Suppose -q - 6887 = -2*f, 27*f = 23*f + q + 13775. List the prime factors of f.
2, 3, 7, 41
Let d(s) = -105*s + 42. Let c be d(-7). Let j = 1942 - c. List the prime factors of j.
5, 233
Let u(x) = 2*x**2 - 2*x - 13. Let s be (-2 - -7)*11/5. Suppose -s = -p - 5. List the prime factors of u(p).
47
Let f(n) = -n**2 - 269*n + 1707. List the prime factors of f(-125).
3, 6569
Let v = -5149 + 22006. What are the prime factors of v?
3, 1873
Let g(n) = n**3 + 18*n**2 + 18*n + 18. Let w be g(-17). Let h(j) = 110*j**3 + j. Let i be h(w). What are the prime factors of (2 - i)/((-1)/1 + 0)?
109
Suppose 2*b + 4 = -0*b. List the prime factors of ((-413)/2)/(-1*b/(-4)).
7, 59
Suppose 11*h = -5*h + 7360. Suppose -169 = -u - 4*y, -h = -3*u - 5*y + 33. List the prime factors of u.
7, 23
What are the prime factors of -5 - (19 - 32671 - 9)?
2, 13, 157
Let q(i) = 12*i + 87. Let l be q(-7). List the prime factors of 315 - (-2 + l) - 1.
313
Suppose 2*l - 218 = 5*o, 0*o + 483 = 5*l + 3*o. Let s = -28 + l. Let f = 244 - s. List the prime factors of f.
173
Let b(r) = -13*r + 12. Let c be b(5). Let v = c - -59. What are the prime factors of 14/v*1*36?
2, 3, 7
Let x be (-2 + (0 - -3))*(21 + -21). Let w be 8/(-2) + x + 4 + -164. Let c = w - -335. List the prime factors of c.
3, 19
Let g(q) = -43882*q - 143. What are the prime factors of g(-1)?
191, 229
Let d(p) = p + 11. Let o = -117 + 113. Let a be d(o). Suppose -a*s + 0*s + 910 = 0. What are the prime factors of s?
2, 5, 13
Suppose -52*c + 343920 + 373836 = 0. List the prime factors of c.
3, 43, 107
Suppose t = 79 + 156. Let m(b) = 38*b**2 - 2*b. Let c be m(-3). Let p = c - t. What are the prime factors of p?
113
Let k(j) = -29*j**3 + 21*j**2 + 95*j - 36. List the prime factors of k(-10).
2, 3, 7, 239
Let n = -235 + 26720. What are the prime factors of n?
5, 5297
Let z = -96 + 61. Let v be (-8)/((14/z)/((-1)/(-5))). List the prime factors of ((-70)/v)/(1/(-10)).
5, 7
Let o = -1019 + 1628. Suppose -o = -3*p + 660. List the prime factors of p.
3, 47
What are the prime factors of (23592/40)/(2 + (-1533)/770)?
2, 3, 11, 983
Suppose -19*y - 680 = -9*y. Let o = y - -280. List the prime factors of o.
2, 53
Suppose -5*d = -1672 + 472. Suppose 0 = 4*i - 4*k, 4*i - 3 = 5*k - 7. Suppose 2*p = 2*q + d, i*q = p - 0*p - 114. What are the prime factors of p?
2, 61
Let t be (31/(-3))/(8272/1656 - 5). Let y = t + -385. List the prime factors of y.
2, 877
Suppose -l - 105 = -2*c, -2*l - 2*l = -3*c + 145. Suppose -338 = c*i - 56*i. What are the prime factors of i?
2, 13
Suppose -4*j - 12 + 32 = 0. Let p(f) = -7*f**2 - 5*f + 22*f**2 - 8*f**2 - 10 - f**3. List the prime factors of p(j).
3, 5
Suppose 2*l - 5*f - 14 = 11, 5*l + 3*f = 16. Suppose 0 = 7*b + l - 5. Let n(y) = -y**3 - y + 20. What are the prime factors of n(b)?
2, 5
Let g = -825 + 1499. Suppose 0 = -6*c - g + 2846. List the prime factors of c.
2, 181
Let v be -1*4*15/(-20). Let h be (v/1 + -2)*(-1)/1. List the prime factors of ((-10)/4 - h)*(26 + -52).
3, 13
Suppose 0 = -5*h + k, 4*h + 6*k = 3*k + 19. Let v(i) = 11*i. Let r be v(h). Suppose -r*u + 8*u = -117. What are the prime factors of u?
3, 13
Suppose 61*r + 134*r - 168836 = 1503289. List the prime factors of r.
5, 7
Suppose 5*k - 610 = -0*k. Suppose -2*a - 1126 = -4*g, a = 5*g - k - 1287. What are the prime factors of g?
2, 3, 47
Let t be 207/46 - -2*(-1)/4. Suppose -2*n + 35 = -c, 46 = 5*n - t*c - 34. What are the prime factors of 92*1 + n/(-5)?
2, 11
Let l(x) = 12*x - 32. Suppose -13 - 65 = -6*v. List the prime factors of l(v).
2, 31
Let s(y) be the third derivative of 2*y**5 - y**4/24 - y**3/6 - 28*y**2. Let x be s(-1). Suppose 6*i - x - 132 = 0. What are the prime factors of i?
2, 3, 7
What are the prime factors of (2 - 6/2)/((-28)/73864)?
2, 1319
Let z(p) = 1119*p - 2. Let d be z(2). Suppose -10*r = -23*r + d. List the prime factors of r.
2, 43
Let q(r) be the first derivative of -r**4/4 + 11*r**3/3 - 6*r**2 - 13*r - 1287. Suppose 0 = 6*h - 2*h - 36. What are the prime factors of q(h)?
41
Let n(j) be the first derivative of j**5/20 + 5*j**4/6 - j**3/3 + 5*j**2/2 + j - 37. Let h(w) be the first derivative of n(w). List the prime factors of h(-7).
2, 83
Let k(p) = -32*p**2 - p**3 + 22*p**2 - p - 3 - 3. Let v be k(-10). What are the prime factors of (-3 + 46/v)*-2*-7?
7, 17
Let v(r) = -58*r - 4. Let l(s) be the third derivative of s**5/60 + s**4/6 + s**3/3 - 3*s**2. Let n be l(-2). What are the prime factors of v(n)?
2, 7
Let w